 factors of 9607.
13, 739
List the prime factors of 1960.
2, 5, 7
List the prime factors of 1364.
2, 11, 31
What are the prime factors of 3215?
5, 643
What are the prime factors of 5995?
5, 11, 109
What are the prime factors of 1698?
2, 3, 283
What are the prime factors of 56795?
5, 37, 307
List the prime factors of 7312.
2, 457
List the prime factors of 15540.
2, 3, 5, 7, 37
What are the prime factors of 1688?
2, 211
What are the prime factors of 13434?
2, 3, 2239
What are the prime factors of 150933?
3, 50311
What are the prime factors of 4042?
2, 43, 47
List the prime factors of 57016.
2, 7127
What are the prime factors of 2227?
17, 131
What are the prime factors of 247?
13, 19
What are the prime factors of 4207?
7, 601
What are the prime factors of 15020?
2, 5, 751
What are the prime factors of 16448?
2, 257
What are the prime factors of 7520?
2, 5, 47
What are the prime factors of 4725?
3, 5, 7
List the prime factors of 92513.
71, 1303
What are the prime factors of 127131?
3, 31, 1367
List the prime factors of 17225.
5, 13, 53
List the prime factors of 53.
53
List the prime factors of 613.
613
List the prime factors of 81353.
81353
List the prime factors of 4357.
4357
What are the prime factors of 42834?
2, 3, 11, 59
What are the prime factors of 1113?
3, 7, 53
List the prime factors of 26361.
3, 29, 101
List the prime factors of 2156.
2, 7, 11
List the prime factors of 1303.
1303
List the prime factors of 6851.
13, 17, 31
List the prime factors of 80672.
2, 2521
What are the prime factors of 28768?
2, 29, 31
What are the prime factors of 6670?
2, 5, 23, 29
List the prime factors of 99.
3, 11
List the prime factors of 4234.
2, 29, 73
What are the prime factors of 1103?
1103
What are the prime factors of 1511?
1511
What are the prime factors of 1568?
2, 7
List the prime factors of 122369.
13, 9413
What are the prime factors of 23435?
5, 43, 109
List the prime factors of 87477.
3, 13, 2243
List the prime factors of 14713.
14713
List the prime factors of 5305.
5, 1061
What are the prime factors of 2520?
2, 3, 5, 7
What are the prime factors of 63199?
63199
What are the prime factors of 38459?
38459
What are the prime factors of 11878?
2, 5939
List the prime factors of 84624.
2, 3, 41, 43
What are the prime factors of 14770?
2, 5, 7, 211
List the prime factors of 5492.
2, 1373
What are the prime factors of 4139?
4139
What are the prime factors of 31965?
3, 5, 2131
List the prime factors of 3625.
5, 29
What are the prime factors of 683?
683
What are the prime factors of 4148?
2, 17, 61
What are the prime factors of 542?
2, 271
What are the prime factors of 45318?
2, 3, 7, 13, 83
List the prime factors of 33118.
2, 29, 571
List the prime factors of 9424.
2, 19, 31
List the prime factors of 5965.
5, 1193
List the prime factors of 6151.
6151
What are the prime factors of 1393?
7, 199
What are the prime factors of 494?
2, 13, 19
What are the prime factors of 5463?
3, 607
List the prime factors of 69772.
2, 17443
List the prime factors of 8819.
8819
What are the prime factors of 1686?
2, 3, 281
What are the prime factors of 355?
5, 71
List the prime factors of 65605.
5, 13121
What are the prime factors of 1219?
23, 53
List the prime factors of 21932.
2, 5483
List the prime factors of 1374.
2, 3, 229
What are the prime factors of 9498?
2, 3, 1583
List the prime factors of 19747.
7, 13, 31
List the prime factors of 10063.
29, 347
List the prime factors of 698.
2, 349
List the prime factors of 2067.
3, 13, 53
List the prime factors of 4578.
2, 3, 7, 109
What are the prime factors of 53343?
3, 5927
List the prime factors of 1324.
2, 331
What are the prime factors of 9958?
2, 13, 383
List the prime factors of 2336.
2, 73
List the prime factors of 7623.
3, 7, 11
List the prime factors of 7030.
2, 5, 19, 37
What are the prime factors of 5363?
31, 173
List the prime factors of 12312.
2, 3, 19
List the prime factors of 12179.
19, 641
What are the prime factors of 100425?
3, 5, 13, 103
List the prime factors of 454.
2, 227
List the prime factors of 41059.
19, 2161
What are the prime factors of 1434?
2, 3, 239
List the prime factors of 5795.
5, 19, 61
What are the prime factors of 633?
3, 211
List the prime factors of 6897.
3, 11, 19
What are the prime factors of 1602?
2, 3, 89
What are the prime factors of 2723?
7, 389
What are the prime factors of 1028?
2, 257
What are the prime factors of 1700?
2, 5, 17
What are the prime factors of 3943?
3943
What are the prime factors of 347?
347
List the prime factors of 3494.
2, 1747
List the prime factors of 1102.
2, 19, 29
List the prime factors of 18416.
2, 1151
What are the prime factors of 151?
151
List the prime factors of 4938.
2, 3, 823
What are the prime factors of 9838?
2, 4919
What are the prime factors of 6594?
2, 3, 7, 157
What are the prime factors of 16906?
2, 79, 107
What are the prime factors of 11344?
2, 709
What are the prime factors of 866?
2, 433
List the prime factors of 3134.
2, 1567
List the prime factors of 301.
7, 43
What are the prime factors of 1953?
3, 7, 31
List the prime factors of 5809.
37, 157
What are the prime factors of 386?
2, 193
List the prime factors of 675.
3, 5
List the prime factors of 3391.
3391
What are the prime factors of 3225?
3, 5, 43
List the prime factors of 3487.
11, 317
List the prime factors of 3248.
2, 7, 29
List the prime factors of 1876.
2, 7, 67
What are the prime factors of 4364?
2, 1091
List the prime factors of 573.
3, 191
List the prime factors of 643.
643
What are the prime factors of 25778?
2, 12889
What are the prime factors of 19495?
5, 7, 557
List the prime factors of 10445.
5, 2089
What are the prime factors of 1860?
2, 3, 5, 31
List the prime factors of 11487.
3, 7, 547
What are the prime factors of 964?
2, 241
List the prime factors of 2318.
2, 19, 61
What are the prime factors of 1085?
5, 7, 31
What are the prime factors of 5423?
11, 17, 29
List the prime factors of 48755.
5, 7, 199
List the prime factors of 1572.
2, 3, 131
What are the prime factors of 8474?
2, 19, 223
What are the prime factors of 74134?
2, 101, 367
List the prime factors of 4053.
3, 7, 193
What are the prime factors of 603?
3, 67
What are the prime factors of 608?
2, 19
What are the prime factors of 22102?
2, 43, 257
What are the prime factors of 307?
307
List the prime factors of 4868.
2, 1217
List the prime factors of 20782.
2, 10391
List the prime factors of 1970.
2, 5, 197
What are the prime factors of 1193?
1193
List the prime factors of 74465.
5, 53, 281
What are the prime factors of 1306?
2, 653
List the prime factors of 5623.
5623
What are the prime factors of 26605?
5, 17, 313
What are the prime factors of 2080?
2, 5, 13
List the prime factors of 2148.
2, 3, 179
List the prime factors of 76314.
2, 3, 7, 23, 79
What are the prime factors of 6343?
6343
List the prime factors of 52118.
2, 11, 23, 103
What are the prime factors of 1804?
2, 11, 41
What are the prime factors of 1196?
2, 13, 23
What are the prime factors of 811?
811
List the prime factors of 11556.
2, 3, 107
List the prime factors of 7963.
7963
What are the prime factors of 5484?
2, 3, 457
What are the prime factors of 56776?
2, 47, 151
List the prime factors of 15088.
2, 23, 41
List the prime factors of 6518.
2, 3259
What are the prime factors of 4077?
3, 151
What are the prime factors of 15396?
2, 3, 1283
What are the prime factors of 1422?
2, 3, 79
What are the prime factors of 51627?
3, 17209
List the prime factors of 2945.
5, 19, 31
List the prime factors of 1349.
19, 71
What are the prime factors of 5679?
3, 631
What are the prime factors of 1873?
1873
List the prime factors of 1304.
2, 163
List the prime factors of 551.
19, 29
List the prime factors of 8058.
2, 3, 17, 79
What are the prime factors of 97?
97
List the prime factors of 1532.
2, 383
List the prime factors of 5100.
2, 3, 5, 17
What are the prime factors of 1704?
2, 3, 71
What are the prime factors of 1863?
3, 23
What are the prime factors of 95216?
2, 11, 541
What are the prime factors of 58?
2, 29
What are the prime factors of 1041?
3, 347
List the prime factors of 805.
5, 7, 23
List the prime factors of 18561.
3, 23, 269
What are the prime factors of 11051?
43, 257
List the prime factors of 141986.
2, 13, 43, 127
List the prime factors